8003?
6
What is the thousands digit of 450969829?
9
What is the tens digit of 4781298?
9
What is the tens digit of 32882875?
7
What is the units digit of 3751530?
0
What is the ten millions digit of 81464972?
8
What is the thousands digit of 21830514?
0
What is the thousands digit of 1718470936?
0
What is the ten millions digit of 328263796?
2
What is the thousands digit of 75679283?
9
What is the tens digit of 4770724?
2
What is the thousands digit of 1941981029?
1
What is the tens digit of 171945562?
6
What is the units digit of 2578594659?
9
What is the ten thousands digit of 65943450?
4
What is the ten thousands digit of 65672086?
7
What is the thousands digit of 442412891?
2
What is the hundred thousands digit of 418986810?
9
What is the billions digit of 1483515808?
1
What is the tens digit of 4509376785?
8
What is the thousands digit of 200411724?
1
What is the ten millions digit of 641187660?
4
What is the hundreds digit of 11643666?
6
What is the ten millions digit of 179385336?
7
What is the hundred millions digit of 562927039?
5
What is the hundreds digit of 377810659?
6
What is the units digit of 90437547?
7
What is the millions digit of 99333564?
9
What is the thousands digit of 255633296?
3
What is the tens digit of 50609191?
9
What is the hundred thousands digit of 14288315?
2
What is the tens digit of 121830748?
4
What is the millions digit of 209284920?
9
What is the ten thousands digit of 33994133?
9
What is the hundred thousands digit of 2122971807?
9
What is the millions digit of 352908778?
2
What is the tens digit of 1745892636?
3
What is the millions digit of 19867723?
9
What is the units digit of 104877280?
0
What is the thousands digit of 1565456610?
6
What is the millions digit of 25744325?
5
What is the tens digit of 40067446?
4
What is the millions digit of 22188975?
2
What is the thousands digit of 603807669?
7
What is the thousands digit of 34033047?
3
What is the thousands digit of 364018465?
8
What is the ten millions digit of 368157566?
6
What is the hundred millions digit of 131716490?
1
What is the ten thousands digit of 1369133328?
3
What is the hundred thousands digit of 2270292809?
2
What is the thousands digit of 450512543?
2
What is the ten thousands digit of 176168289?
6
What is the millions digit of 4755156490?
5
What is the tens digit of 57001093?
9
What is the millions digit of 75229035?
5
What is the millions digit of 14887648?
4
What is the hundred millions digit of 651808433?
6
What is the tens digit of 111984799?
9
What is the ten thousands digit of 204487449?
8
What is the ten thousands digit of 38531001?
3
What is the units digit of 38731085?
5
What is the millions digit of 329956151?
9
What is the ten thousands digit of 199251943?
5
What is the hundred thousands digit of 91941131?
9
What is the hundred thousands digit of 1825230373?
2
What is the ten thousands digit of 140822622?
2
What is the millions digit of 69492387?
9
What is the tens digit of 584637093?
9
What is the units digit of 71357787?
7
What is the ten millions digit of 10287230?
1
What is the tens digit of 85745533?
3
What is the thousands digit of 32045264?
5
What is the ten millions digit of 3655387379?
5
What is the units digit of 456774537?
7
What is the thousands digit of 606219082?
9
What is the units digit of 900225680?
0
What is the tens digit of 1007665015?
1
What is the hundreds digit of 818141326?
3
What is the ten thousands digit of 475344520?
4
What is the millions digit of 2645930573?
5
What is the hundred thousands digit of 1886221051?
2
What is the millions digit of 37312642?
7
What is the millions digit of 355938136?
5
What is the hundred thousands digit of 8424593?
4
What is the ten thousands digit of 155099116?
9
What is the ten thousands digit of 60661504?
6
What is the thousands digit of 1306615809?
5
What is the hundred thousands digit of 55675878?
6
What is the tens digit of 829481801?
0
What is the thousands digit of 4797710134?
0
What is the thousands digit of 535209064?
9
What is the units digit of 125345182?
2
What is the hundred thousands digit of 3713792087?
7
What is the ten thousands digit of 83815141?
1
What is the hundreds digit of 9947661?
6
What is the tens digit of 9598269?
6
What is the hundred thousands digit of 219253030?
2
What is the hundred thousands digit of 26384398?
3
What is the thousands digit of 24017653?
7
What is the thousands digit of 1209439561?
9
What is the ten millions digit of 99357800?
9
What is the hundred thousands digit of 220389466?
3
What is the ten millions digit of 1658566341?
5
What is the units digit of 37592648?
8
What is the tens digit of 276107666?
6
What is the hundred thousands digit of 17960688?
9
What is the hundred thousands digit of 3586513839?
5
What is the hundred thousands digit of 52608853?
6
What is the hundreds digit of 3383643774?
7
What is the millions digit of 459454709?
9
What is the ten thousands digit of 420782251?
8
What is the thousands digit of 65742363?
2
What is the hundred thousands digit of 22464769?
4
What is the hundreds digit of 131582586?
5
What is the hundred thousands digit of 62965854?
9
What is the units digit of 3696296298?
8
What is the thousands digit of 62369837?
9
What is the units digit of 74876322?
2
What is the hundred millions digit of 219298406?
2
What is the hundred thousands digit of 652257622?
2
What is the units digit of 21482791?
1
What is the millions digit of 103150682?
3
What is the hundred millions digit of 489119509?
4
What is the thousands digit of 733213380?
3
What is the ten millions digit of 111809982?
1
What is the ten thousands digit of 84243766?
4
What is the billions digit of 1647158717?
1
What is the ten millions digit of 68654868?
6
What is the hundred thousands digit of 43494554?
4
What is the hundred thousands digit of 1610010058?
0
What is the tens digit of 1885230283?
8
What is the units digit of 69564699?
9
What is the tens digit of 175715069?
6
What is the tens digit of 216736236?
3
What is the ten millions digit of 5821201693?
2
What is the hundred thousands digit of 45599264?
5
What is the hundred millions digit of 3842086081?
8
What is the units digit of 272654499?
9
What is the units digit of 19473709?
9
What is the tens digit of 2115295423?
2
What is the tens digit of 11780887?
8
What is the hundred thousands digit of 156653940?
6
What is the ten millions digit of 2659073881?
5
What is the hundred thousands digit of 23769846?
7
What is the tens digit of 4234139638?
3
What is the tens digit of 191303938?
3
What is the tens digit of 859269568?
6
What is the ten thousands digit of 712699153?
9
What is the hundred millions digit of 792699776?
7
What is the tens digit of 9727387?
8
What is the millions digit of 433763888?
3
What is the hundreds digit of 3048936950?
9
What is the ten thousands digit of 208302906?
0
What is the hundreds digit of 5775884?
8
What is the hundred thousands digit of 51450483?
4
What is the millions digit of 1934259868?
4
What is the hundreds digit of 777559826?
8
What is the units digit of 73622425?
5
What is the hundred thousands digit of 433294161?
2
What is the millions digit of 2390048909?
0
What is the ten thousands digit of 9414951?
1
What is the hundred thousands digit of 87272452?
2
What is the thousands digit of 2966745411?
5
What is the millions digit of 207272105?
7
What is the ten thousands digit of 512373187?
7
What is the hundreds digit of 2284375306?
3
What is the tens digit of 2506328991?
9
What is the thousands digit of 111399383?
9
What is the ten millions digit of 38647770?
3
What is the hundred millions digit of 306058955?
3
What is the thousands digit of 839928938?
8
What is the hundred millions digit of 179353125?
1
What is the units digit of 55050587?
7
What is the tens digit of 3633737?
3
What is the tens digit of 1525231305?
0
What is the millions digit of 1427389286?
7
What is the tens digit of 162920615?
1
What is the billions digit of 6420124373?
6
What is the ten thousands digit of 88709478?
0
What is the ten millions digit of 15360368?
1
What is the thousands digit of 85767594?
7
What is the hundred thousands digit of 409206166?
2
What is the tens digit of 315174168?
6
What is the tens digit of 951504317?
1
What is the millions digit 